{"id":46,"date":"2019-07-16T21:46:21","date_gmt":"2019-07-17T00:46:21","guid":{"rendered":"https:\/\/www.maitryjeans.com\/?page_id=46"},"modified":"2023-06-26T14:47:55","modified_gmt":"2023-06-26T17:47:55","slug":"preguntas-frecuentes","status":"publish","type":"page","link":"https:\/\/yeninesweaters.com\/eshop\/preguntas-frecuentes\/","title":{"rendered":"Preguntas Frecuentes"},"content":{"rendered":"<p>[vc_row el_class=\u00bbpreguntas-frecuentes\u00bb][vc_column][vc_toggle title=\u00bb\u00bfEn cu\u00e1nto tiempo recibo mi pedido?\u00bb style=\u00bbsquare\u00bb size=\u00bbsm\u00bb]El env\u00edo tiene un tiempo de demora de aproximadamente 10 d\u00edas h\u00e1biles[\/vc_toggle][vc_toggle title=\u00bb\u00bfPuedo realizar la compra online y retirar el pedido en el local?\u00bb style=\u00bbsquare\u00bb size=\u00bbsm\u00bb]\u00a1S\u00ed! a la hora de finalizar el pedido, tenes que elegir RETIRO EN SUCURSAL.[\/vc_toggle][vc_toggle title=\u00bb\u00bfLos env\u00edos son gratis?\u00bb style=\u00bbsquare\u00bb size=\u00bbsm\u00bb]No, los env\u00edos corren a cargo del comprador.[\/vc_toggle][vc_toggle title=\u00bb\u00bfHay descuentos para compras superiores de $30.000?\u00bb style=\u00bbsquare\u00bb size=\u00bbsm\u00bb]\u00a1S\u00ed! el descuento en efectivo realizando la compra en el local. Consultar v\u00eda <strong><a href=\"https:\/\/api.whatsapp.com\/send?phone=5491132857802&amp;text=Hola!%20Me%20gustaria%20recibir%20informaci\u00f3n%20acerca%20de%20descuentos%20en%20compras%20superiores%20a%20$10000%20en%20su%20tienda%20online,%20gracias.\" target=\"_blank\" rel=\"noopener noreferrer\">WhatsApp<\/a><\/strong>[\/vc_toggle][vc_toggle title=\u00bb\u00bfC\u00f3mo s\u00e9 si mi compra fue aceptada?\u00bb style=\u00bbsquare\u00bb size=\u00bbsm\u00bb]Tu compra va a ser confirmada a trav\u00e9s de correo electr\u00f3nico y la misma va a tener un numero de gu\u00eda para que puedas hacerle el seguimiento al pedido.[\/vc_toggle][vc_toggle title=\u00bb\u00bfQue talles trabajan?\u00bb style=\u00bbsquare\u00bb size=\u00bbsm\u00bb]Tenemos talles del 36 al 42 y del 42 al 52.<br \/>\nTambi\u00e9n S, M, L, XL, XXL[\/vc_toggle][\/vc_column][\/vc_row]<\/p>\n","protected":false},"excerpt":{"rendered":"<p>[vc_row el_class=\u00bbpreguntas-frecuentes\u00bb][vc_column][vc_toggle title=\u00bb\u00bfEn cu\u00e1nto tiempo recibo mi pedido?\u00bb style=\u00bbsquare\u00bb size=\u00bbsm\u00bb]El env\u00edo tiene un tiempo de demora de aproximadamente 10 d\u00edas h\u00e1biles[\/vc_toggle][vc_toggle title=\u00bb\u00bfPuedo realizar la compra online y retirar el pedido en el local?\u00bb style=\u00bbsquare\u00bb size=\u00bbsm\u00bb]\u00a1S\u00ed! a la hora de finalizar el pedido, tenes que elegir RETIRO EN SUCURSAL.[\/vc_toggle][vc_toggle title=\u00bb\u00bfLos env\u00edos son gratis?\u00bb style=\u00bbsquare\u00bb size=\u00bbsm\u00bb]No, los&hellip;<\/p>\n","protected":false},"author":1,"featured_media":0,"parent":0,"menu_order":0,"comment_status":"closed","ping_status":"closed","template":"","meta":[],"class_list":["post-46","page","type-page","status-publish","hentry","description-off"],"yoast_head":"<!-- This site is optimized with the Yoast SEO plugin v26.9 - https:\/\/yoast.com\/product\/yoast-seo-wordpress\/ -->\n<title>Preguntas Frecuentes - YENINE SWEATERS<\/title>\n<meta name=\"robots\" content=\"index, follow, max-snippet:-1, max-image-preview:large, max-video-preview:-1\" \/>\n<link rel=\"canonical\" href=\"https:\/\/yeninesweaters.com\/eshop\/preguntas-frecuentes\/\" \/>\n<meta property=\"og:locale\" content=\"es_ES\" \/>\n<meta property=\"og:type\" content=\"article\" \/>\n<meta property=\"og:title\" content=\"Preguntas Frecuentes - YENINE SWEATERS\" \/>\n<meta property=\"og:description\" content=\"[vc_row el_class=\u00bbpreguntas-frecuentes\u00bb][vc_column][vc_toggle title=\u00bb\u00bfEn cu\u00e1nto tiempo recibo mi pedido?\u00bb style=\u00bbsquare\u00bb size=\u00bbsm\u00bb]El env\u00edo tiene un tiempo de demora de aproximadamente 10 d\u00edas h\u00e1biles[\/vc_toggle][vc_toggle title=\u00bb\u00bfPuedo realizar la compra online y retirar el pedido en el local?\u00bb style=\u00bbsquare\u00bb size=\u00bbsm\u00bb]\u00a1S\u00ed! a la hora de finalizar el pedido, tenes que elegir RETIRO EN SUCURSAL.[\/vc_toggle][vc_toggle title=\u00bb\u00bfLos env\u00edos son gratis?\u00bb style=\u00bbsquare\u00bb size=\u00bbsm\u00bb]No, los&hellip;\" \/>\n<meta property=\"og:url\" content=\"https:\/\/yeninesweaters.com\/eshop\/preguntas-frecuentes\/\" \/>\n<meta property=\"og:site_name\" content=\"YENINE SWEATERS\" \/>\n<meta property=\"article:publisher\" content=\"https:\/\/www.facebook.com\/OriginalDesing1990\/\" \/>\n<meta property=\"article:modified_time\" content=\"2023-06-26T17:47:55+00:00\" \/>\n<meta name=\"twitter:card\" content=\"summary_large_image\" \/>\n<meta name=\"twitter:label1\" content=\"Tiempo de lectura\" \/>\n\t<meta name=\"twitter:data1\" content=\"1 minuto\" \/>\n<script type=\"application\/ld+json\" class=\"yoast-schema-graph\">{\"@context\":\"https:\/\/schema.org\",\"@graph\":[{\"@type\":\"WebPage\",\"@id\":\"https:\/\/yeninesweaters.com\/eshop\/preguntas-frecuentes\/\",\"url\":\"https:\/\/yeninesweaters.com\/eshop\/preguntas-frecuentes\/\",\"name\":\"Preguntas Frecuentes - YENINE SWEATERS\",\"isPartOf\":{\"@id\":\"https:\/\/yeninesweaters.com\/eshop\/#website\"},\"datePublished\":\"2019-07-17T00:46:21+00:00\",\"dateModified\":\"2023-06-26T17:47:55+00:00\",\"breadcrumb\":{\"@id\":\"https:\/\/yeninesweaters.com\/eshop\/preguntas-frecuentes\/#breadcrumb\"},\"inLanguage\":\"es\",\"potentialAction\":[{\"@type\":\"ReadAction\",\"target\":[\"https:\/\/yeninesweaters.com\/eshop\/preguntas-frecuentes\/\"]}]},{\"@type\":\"BreadcrumbList\",\"@id\":\"https:\/\/yeninesweaters.com\/eshop\/preguntas-frecuentes\/#breadcrumb\",\"itemListElement\":[{\"@type\":\"ListItem\",\"position\":1,\"name\":\"Portada\",\"item\":\"https:\/\/yeninesweaters.com\/eshop\/\"},{\"@type\":\"ListItem\",\"position\":2,\"name\":\"Preguntas Frecuentes\"}]},{\"@type\":\"WebSite\",\"@id\":\"https:\/\/yeninesweaters.com\/eshop\/#website\",\"url\":\"https:\/\/yeninesweaters.com\/eshop\/\",\"name\":\"YENINE SWEATERS\",\"description\":\"Indumentaria Femenina\",\"publisher\":{\"@id\":\"https:\/\/yeninesweaters.com\/eshop\/#organization\"},\"potentialAction\":[{\"@type\":\"SearchAction\",\"target\":{\"@type\":\"EntryPoint\",\"urlTemplate\":\"https:\/\/yeninesweaters.com\/eshop\/?s={search_term_string}\"},\"query-input\":{\"@type\":\"PropertyValueSpecification\",\"valueRequired\":true,\"valueName\":\"search_term_string\"}}],\"inLanguage\":\"es\"},{\"@type\":\"Organization\",\"@id\":\"https:\/\/yeninesweaters.com\/eshop\/#organization\",\"name\":\"YENINE SWEATERS\",\"url\":\"https:\/\/yeninesweaters.com\/eshop\/\",\"logo\":{\"@type\":\"ImageObject\",\"inLanguage\":\"es\",\"@id\":\"https:\/\/yeninesweaters.com\/eshop\/#\/schema\/logo\/image\/\",\"url\":\"https:\/\/yeninesweaters.com\/eshop\/wp-content\/uploads\/2020\/06\/yenine_top.png\",\"contentUrl\":\"https:\/\/yeninesweaters.com\/eshop\/wp-content\/uploads\/2020\/06\/yenine_top.png\",\"width\":100,\"height\":24,\"caption\":\"YENINE SWEATERS\"},\"image\":{\"@id\":\"https:\/\/yeninesweaters.com\/eshop\/#\/schema\/logo\/image\/\"},\"sameAs\":[\"https:\/\/www.facebook.com\/OriginalDesing1990\/\",\"https:\/\/www.instagram.com\/S.conceptoficial\/\"]}]}<\/script>\n<!-- \/ Yoast SEO plugin. -->","yoast_head_json":{"title":"Preguntas Frecuentes - YENINE SWEATERS","robots":{"index":"index","follow":"follow","max-snippet":"max-snippet:-1","max-image-preview":"max-image-preview:large","max-video-preview":"max-video-preview:-1"},"canonical":"https:\/\/yeninesweaters.com\/eshop\/preguntas-frecuentes\/","og_locale":"es_ES","og_type":"article","og_title":"Preguntas Frecuentes - YENINE SWEATERS","og_description":"[vc_row el_class=\u00bbpreguntas-frecuentes\u00bb][vc_column][vc_toggle title=\u00bb\u00bfEn cu\u00e1nto tiempo recibo mi pedido?\u00bb style=\u00bbsquare\u00bb size=\u00bbsm\u00bb]El env\u00edo tiene un tiempo de demora de aproximadamente 10 d\u00edas h\u00e1biles[\/vc_toggle][vc_toggle title=\u00bb\u00bfPuedo realizar la compra online y retirar el pedido en el local?\u00bb style=\u00bbsquare\u00bb size=\u00bbsm\u00bb]\u00a1S\u00ed! a la hora de finalizar el pedido, tenes que elegir RETIRO EN SUCURSAL.[\/vc_toggle][vc_toggle title=\u00bb\u00bfLos env\u00edos son gratis?\u00bb style=\u00bbsquare\u00bb size=\u00bbsm\u00bb]No, los&hellip;","og_url":"https:\/\/yeninesweaters.com\/eshop\/preguntas-frecuentes\/","og_site_name":"YENINE SWEATERS","article_publisher":"https:\/\/www.facebook.com\/OriginalDesing1990\/","article_modified_time":"2023-06-26T17:47:55+00:00","twitter_card":"summary_large_image","twitter_misc":{"Tiempo de lectura":"1 minuto"},"schema":{"@context":"https:\/\/schema.org","@graph":[{"@type":"WebPage","@id":"https:\/\/yeninesweaters.com\/eshop\/preguntas-frecuentes\/","url":"https:\/\/yeninesweaters.com\/eshop\/preguntas-frecuentes\/","name":"Preguntas Frecuentes - YENINE SWEATERS","isPartOf":{"@id":"https:\/\/yeninesweaters.com\/eshop\/#website"},"datePublished":"2019-07-17T00:46:21+00:00","dateModified":"2023-06-26T17:47:55+00:00","breadcrumb":{"@id":"https:\/\/yeninesweaters.com\/eshop\/preguntas-frecuentes\/#breadcrumb"},"inLanguage":"es","potentialAction":[{"@type":"ReadAction","target":["https:\/\/yeninesweaters.com\/eshop\/preguntas-frecuentes\/"]}]},{"@type":"BreadcrumbList","@id":"https:\/\/yeninesweaters.com\/eshop\/preguntas-frecuentes\/#breadcrumb","itemListElement":[{"@type":"ListItem","position":1,"name":"Portada","item":"https:\/\/yeninesweaters.com\/eshop\/"},{"@type":"ListItem","position":2,"name":"Preguntas Frecuentes"}]},{"@type":"WebSite","@id":"https:\/\/yeninesweaters.com\/eshop\/#website","url":"https:\/\/yeninesweaters.com\/eshop\/","name":"YENINE SWEATERS","description":"Indumentaria Femenina","publisher":{"@id":"https:\/\/yeninesweaters.com\/eshop\/#organization"},"potentialAction":[{"@type":"SearchAction","target":{"@type":"EntryPoint","urlTemplate":"https:\/\/yeninesweaters.com\/eshop\/?s={search_term_string}"},"query-input":{"@type":"PropertyValueSpecification","valueRequired":true,"valueName":"search_term_string"}}],"inLanguage":"es"},{"@type":"Organization","@id":"https:\/\/yeninesweaters.com\/eshop\/#organization","name":"YENINE SWEATERS","url":"https:\/\/yeninesweaters.com\/eshop\/","logo":{"@type":"ImageObject","inLanguage":"es","@id":"https:\/\/yeninesweaters.com\/eshop\/#\/schema\/logo\/image\/","url":"https:\/\/yeninesweaters.com\/eshop\/wp-content\/uploads\/2020\/06\/yenine_top.png","contentUrl":"https:\/\/yeninesweaters.com\/eshop\/wp-content\/uploads\/2020\/06\/yenine_top.png","width":100,"height":24,"caption":"YENINE SWEATERS"},"image":{"@id":"https:\/\/yeninesweaters.com\/eshop\/#\/schema\/logo\/image\/"},"sameAs":["https:\/\/www.facebook.com\/OriginalDesing1990\/","https:\/\/www.instagram.com\/S.conceptoficial\/"]}]}},"_links":{"self":[{"href":"https:\/\/yeninesweaters.com\/eshop\/wp-json\/wp\/v2\/pages\/46","targetHints":{"allow":["GET"]}}],"collection":[{"href":"https:\/\/yeninesweaters.com\/eshop\/wp-json\/wp\/v2\/pages"}],"about":[{"href":"https:\/\/yeninesweaters.com\/eshop\/wp-json\/wp\/v2\/types\/page"}],"author":[{"embeddable":true,"href":"https:\/\/yeninesweaters.com\/eshop\/wp-json\/wp\/v2\/users\/1"}],"replies":[{"embeddable":true,"href":"https:\/\/yeninesweaters.com\/eshop\/wp-json\/wp\/v2\/comments?post=46"}],"version-history":[{"count":12,"href":"https:\/\/yeninesweaters.com\/eshop\/wp-json\/wp\/v2\/pages\/46\/revisions"}],"predecessor-version":[{"id":4484,"href":"https:\/\/yeninesweaters.com\/eshop\/wp-json\/wp\/v2\/pages\/46\/revisions\/4484"}],"wp:attachment":[{"href":"https:\/\/yeninesweaters.com\/eshop\/wp-json\/wp\/v2\/media?parent=46"}],"curies":[{"name":"wp","href":"https:\/\/api.w.org\/{rel}","templated":true}]}}